ulate w(c).
-4
Suppose -5*k + p = 43, 137 = -4*k + 4*p + 93. Let z(j) = j - 5. Let t(q) = q - 6. Let l(r) = -4*t(r) + 5*z(r). Determine l(k).
-9
Let a(i) be the first derivative of i**5/20 + 2*i**4/3 - 3*i**3/2 - 5*i**2/2 - 12*i - 42. Let h(z) be the first derivative of a(z). What is h(-9)?
-5
Let g = 158 - -170. Suppose -6 + 148 = 2*d + 5*r, -r = -5*d + g. Let m(l) = 0 + l**3 - 72*l + 2 + d*l - 6*l**2. What is m(7)?
9
Let w(y) be the third derivative of y**4/3 - 113*y**3/3 + 2133*y**2. Calculate w(28).
-2
Let j(s) = s**2 + 10*s - 14. Suppose 158 = -11*b + 37. Give j(b).
-3
Suppose y = 3*g - 1 - 2, 25 = -4*y - g. Let v be y/(-16) - (1 + 111/(-24)). Let k(u) = 13 - 4 - v*u + 0 - 8. What is k(2)?
-7
Let b(v) = -6*v**2 + 5*v - 5. Let g(q) = -3*q - 8*q**2 - 12 + 5*q**2 + 4*q**2 + 4*q**2 + 16. Let r(c) = -4*b(c) - 5*g(c). What is r(-4)?
4
Let k(g) = -2*g - 5 - 14 + g + 23. Let r be k(-4). Let s(v) = v**3 - 3*v**2 - 6*v. Let w(x) = x**3 - 2*x**2 - 7*x. Let t(y) = 6*s(y) - 5*w(y). Calculate t(r).
-8
Let f(q) = -4*q**2 + 17*q + 46. Let c be f(-2). Let a(m) = m**3 + 8*m**2 + 15*m - 7. Calculate a(c).
-3
Let c(s) = -s**3 - 15*s**2 + 5*s - 175. Let x = 2199 + -2215. Calculate c(x).
1
Let b(q) be the first derivative of 11*q**3/3 - q**2 + q + 4454. Determine b(1).
10
Suppose l = 5*s + 5014, 6*s = -5*l + 3*s + 25126. Let y(r) = -3 - 7*r**2 - r**3 + r**2 - 5023*r + l*r. Give y(-6).
-9
Suppose 22 = -2*n + 4*q, 42 = -4*n + 5*q - 11. Let m = n + 19. Let f(s) = -10*s + 6*s - 6 + m*s - 4. Determine f(-9).
8
Suppose -16*n + 13*n - 9 = 0. Let m be (-193)/n + 1/(-3). Let z(y) = m - 2*y - 132 + 66. Give z(6).
-14
Suppose -3*f = 3 - 9. Let n(g) = -2*g**f - 7*g + 2*g**2 + 1 + g**2. Let c(i) = 176*i - 5273. Let y be c(30). Determine n(y).
1
Let u(m) be the third derivative of m**5/60 - m**4/24 - 5*m**3/6 - 13*m**2. Let x(l) = l**3 + 43*l**2 + 195*l + 195. Let w be x(-38). Determine u(w).
15
Let b(z) = 74*z - 160*z + 3 + 87*z. Give b(3).
6
Let g(x) be the first derivative of 2*x**3/3 - 81*x**2/2 + 78*x - 629. Give g(40).
38
Let s be (-35*(-26)/(-65) + 8)*2/6. Let o(i) = -10*i**2 - 7*i - 12. What is o(s)?
-38
Let p(q) be the second derivative of 5/12*q**4 - 1/20*q**5 - 2*q - 3*q**2 + 1/2*q**3 + 0. Suppose -1245*c + 330 = -1179*c. Give p(c).
9
Let l(g) = g**3 - 3*g**2 - 2*g + 11. Let a be l(3). Suppose 40*o = -a*o + 7*o. Let t(x) = -2*x**2 - x**2 + 6 + 2*x**2. Calculate t(o).
6
Let f(p) = -6*p - 2 + 5*p + 5*p + p - 7*p**2 + p**3 - p. What is f(7)?
26
Let i(s) be the third derivative of 0 + 0*s + 2/3*s**3 + 94*s**2 + 1/8*s**4. Give i(-4).
-8
Let v(y) = 2*y**3 - y**2 + y - 2. Suppose -3*d = -0*k + 4*k, -5*d + 11 = 3*k. Suppose -d*l + 5*l = 4. Suppose -59 = -l*a - 51. Calculate v(a).
12
Let c(m) be the second derivative of -m**3/6 + m**2/2 + 6035*m - 2. Let z = 2 - 3. Calculate c(z).
2
Suppose -10 = -5*j - 5*o, -3*o = -4*j + 6 + 2. Suppose -j*i + 43 = 5*l - 3*i, 2*i - 22 = -2*l. Let y(c) = c - 11. What is y(l)?
-2
Let k(v) = 14*v - 30. Let p(g) = -4*g + 9. Let q = 648 + -668. Let f(s) = q*p(s) - 6*k(s). Calculate f(1).
-4
Let s(c) = 7*c**2 + 5*c - 18. Let g(y) = 34*y**2 + 25*y - 86. Let z(h) = -6*g(h) + 29*s(h). Determine z(-7).
-20
Suppose -4*u = -2*j - 23 + 1, 2*j + 1 = u. Let x(o) = 18978 + 18979 - 37959 + 8*o - o**2. Calculate x(u).
5
Let b = -306 - -321. Let a(m) = -4*m - 23 + 15*m - b*m. Give a(-6).
1
Let z(d) = -d + 5. Let g be (3/(-2))/((-2694)/448 - -6). Suppose 17*l - g = -11*l. Calculate z(l).
1
Let b(p) be the second derivative of p**5/20 + p**4/6 + p**3/3 - 13*p**2/2 - 2*p - 75. Determine b(0).
-13
Let w(u) = u**3 - 32*u**2 + 255*u - 3. Let q be w(15). Let x(k) = k**3 + 3*k**2 - 4. Calculate x(q).
-4
Let h be 2/4*24/(-2). Suppose 35 = -12*f + 5*f. Let d(c) = 11*c**3 + 2*c**2 + 13*c - 2. Let s(r) = -2*r**3 + r**2 - r. Let g(p) = f*s(p) - d(p). Calculate g(h).
14
Let t(y) = 2*y**2 + 2*y + 2. Let m be t(-1). Suppose 0 = -m*r - 21 + 5. Let v(s) be the first derivative of -s**2/2 - 10*s + 35. Calculate v(r).
-2
Let j(c) be the third derivative of -c**5/30 - c**4/12 + c**3/3 - 2*c**2 - 73*c - 5. Give j(4).
-38
Let m(r) be the first derivative of r**4/4 - 3*r**3 + 4*r**2 + r - 32. Suppose 0 = -3*z - 2*z - 45. Let b = z - -17. Determine m(b).
1
Let q(a) be the third derivative of -13/6*a**3 + 118*a**2 + 1/24*a**4 + 0 + 0*a. Give q(12).
-1
Let s(q) = -54*q + 321. Let o be 0/(-2) + 0 + 33*14/77. Give s(o).
-3
Let i = 11 - 10. Let y(j) = -i + 6*j - 9 - 5*j. Suppose -5*f + 13*c = 16*c - 53, -3*f = -3*c - 27. What is y(f)?
0
Let u be ((-256)/192)/((-2)/(-9)). Let n(c) = 7*c**2 + 9*c + 1. Let x(o) = -8*o**2 - 10*o. Let p(y) = 7*n(y) + 6*x(y). Determine p(u).
25
Let s(f) = -216*f - 1143. Let x(i) = -31*i - 163. Let o(b) = 2*s(b) - 15*x(b). Give o(-5).
-6
Let t(w) = 2*w**2 - 5*w. Suppose 38*m - 36*m = 0, -3*z = -4*m - 6. Give t(z).
-2
Let z = -5945 - -5948. Let q(y) = -8*y - 2. What is q(z)?
-26
Let s(l) = l**2 - 2*l + 13. Let o(d) = 31*d**2 - 3*d + 48. Let g(y) = -o(y) + 4*s(y). Give g(1).
-28
Let x(k) be the first derivative of k**4/4 + 8*k**3/3 + 9*k + 831. Calculate x(-8).
9
Let d(p) be the first derivative of -p**3/6 - p**2 + 2*p + 4. Let u(n) be the first derivative of d(n). Suppose 0 = -5*x - 7 + 37. Give u(x).
-8
Let o = 30 + -29. Let h(z) be the first derivative of 3*z**4/4 - z - 8. Calculate h(o).
2
Let i(f) = 2*f + 1. Let g be i(-1). Let k(d) = 35*d**3 + d**2 - 22*d + 21. Let l(a) = -a**3 - a**2 + 7*a - 7. Let c(h) = k(h) + 3*l(h). Determine c(g).
-33
Suppose 11*r - 374 = -11*r - 462. Let q(v) = v**2 + v - 9. Give q(r).
3
Let j(q) be the second derivative of -22*q + 4/3*q**3 - 1 - q**2. Determine j(-3).
-26
Suppose -2*u + 839 = -5*f, 6*u - 2*u - 3*f = 1657. Let j = u - 409. Let n(y) = y**3 - 4*y**2 + 3*y - 2. Calculate n(j).
-2
Let c(o) be the third derivative of -o**6/120 + o**5/15 + o**4/8 - 7*o**3/6 - 15856*o**2. Let a be (-44)/(-12) + (-2)/(-6). Determine c(a).
5
Let a(p) = -p**2 - 20*p - 34. Let j(m) = m**2 + 99*m + 792. Let s be j(-90). What is a(s)?
2
Let f be (-6)/(94/(-44) - -2). Let y(h) = 1. Let i(l) = l**2 + 12*l + 13. Let u be i(-11). Let z(s) = 2*s - 24. Let p(n) = f*y(n) + u*z(n). Calculate p(3).
8
Let p(k) = 76*k - 31*k - 12 - k**2 - 26*k. Give p(18).
6
Suppose 106 - 416 = 5*o. Let n = o + 76. Suppose n*k - k = 0. Let m(i) = i + 3. Give m(k).
3
Suppose 0 = 24*g - 10 - 38. Let z(f) = -6 + 4*f + 8*f - 21*f + 6*f - f**g. Give z(-5).
-16
Let j(z) be the third derivative of -5*z**4/24 + 5*z**3/2 + 3653*z**2. What is j(-11)?
70
Let c(a) be the third derivative of -9*a**4/8 + a**3/6 + 11*a**2 - 23*a. What is c(-3)?
82
Let q be -33 + 28 + (7 - 0). Suppose 0 = 8*l - 3*l - 45. Let f(i) = -414 + l*i - i**2 + 2*i**q + 421. Calculate f(-6).
-11
Let p(b) = -b - 13. Let x be p(-6). Let o(m) = 4*m**2 - 10*m**3 - 7*m - 12*m**2 + m + 9*m**3 + 0*m. Determine o(x).
-7
Suppose 4*f - 41 = -m, -3*f + 977 = 3*m + 944. Let n(k) = k**3 - 9*k**2 + 4*k - 12. Calculate n(f).
128
Suppose 0*d + d = -18. Let s be 2/((-3)/d*4). Suppose 4*t - s = 3*v + 13, -3*v = 3*t + 9. Let h(q) = q**2 - 3*q + 1. Give h(t).
-1
Let c(m) = -2*m - 2. Let z be 4/(-12)*-3 - (1 - 150). Suppose -38*y + 8*y = z. Determine c(y).
8
Let r(p) be the second derivative of p**4/12 - p**3/6 - 6*p**2 + p. Let x be -3 - (52*10)/5. Let i = -107 - x. What is r(i)?
-12
Let j(h) be the first derivative of -h**3/3 + 3*h**2 - 8*h + 28. Give j(6).
-8
Let u(m) = 1445*m - 724*m - 722*m - 24 + 22. Suppose -25 = -0*s - 5*s, -4*x - 3*s = -31. What is u(x)?
-6
Let x = 34 + -26. Let s(j) = -30*j + j**2 + 3 - 26*j - 35*j - 34*j + 120*j. Give s(x).
27
Let l(y) = 7*y**2 + 128*y - 109. Let d be l(-19). Let m(b) = -b**2 - 31*b - 233. Give m(d).
5
Let u(x) = -x**2 - x + 6. Let g be -2 + (20 - 7/(14/6)). Suppose g = 239*i - 236*i. Suppose j = i*v + 21, j = 4*v + 4*j + 32. What is u(v)?
-14
Let a(k) = -12*k**2 + 438 + 237*k - 233*k - 427. Determine a(-3).
-109
Let v(b) = b**3 - 6*b**2 + 6*b - 5. Let u = -125 + 73. Let q = -53 - u. Let y(s) = 6*s**2 + 3*s + 2. Let l be y(q). Calculate v(l).
0
Let s(f) = 35*f + 96 + 61 - 162 - 2*f**2 - 4*f. Calculate s(13).
60
Let s(k) = -44*k - 2002. Let u(q) = 3*q + 143. Let o(n) = 4*s(n) + 55*u(n). Let f be o(-13). Let h(m) = m**2 - 2. Give h(f).
-2
Suppose 226*b + 380 = 36*b. Let t(g) = -g**3 - g**